{"id":6,"date":"2021-01-15T09:37:33","date_gmt":"2021-01-15T08:37:33","guid":{"rendered":"https:\/\/ordineostetricheterni.it\/wordpress\/materialis\/"},"modified":"2025-02-05T19:27:48","modified_gmt":"2025-02-05T18:27:48","slug":"materialis","status":"publish","type":"page","link":"https:\/\/ordineostetricheterni.it\/wordpress\/","title":{"rendered":"Home Page"},"content":{"rendered":"<!-- CloudPress Companion Preview Data START -->\r\n\r\n<!-- wp:extendstudio\/materialis-->\r\n<div data-label=\"Content\" data-id=\"content--1\" data-export-id=\"content-5-materialis\" data-category=\"content\" class=\"content-5m content-section-spacing-large content-section\" id=\"content-26\" style=\"background-color: #f5fafd; background-image: none;\">\r\n<div class=\"gridContainer\">\r\n<div class=\"row\">\r\n<div class=\"col-xs-12 col-sm-8 col-sm-offset-2 space-bottom text-center col-padding-small-xs\" data-type=\"column\">\r\n<h3 class=\"\">Benvenuta\/o nel nuovo sito del Ordine delle Ostetriche della Provincia di Terni<\/h3>\r\n<\/div>\r\n<div class=\"col-xs-12 text-center large\" data-type=\"column\">\r\n<p class=\"\">Care\/i Colleghe\/i, siamo felici di presentarvi il nuovo sito dell\u2019Ordine delle Ostetriche della Provincia di Terni.<br \/>Il sito conterr\u00e0 oltre alle informazioni specifiche per la Professione, anche le attivit\u00e0 del Consiglio, dei Gruppi di Lavoro e quanto potr\u00e0 essere utile alle ostetriche ma anche alle donne e alle famiglie, in ambito ostetrico, ginecologico e neonatologico.<br \/><br \/>Ci auguriamo di vero cuore, che con il vostro costruttivo contributo, il sito diventi il nostro punto di incontro.<br \/><br \/>La Presidente, il Consiglio Direttivo e il Collegio dei Revisori dei Conti.<br \/>Care\/i Colleghe\/i, siamo felici di presentarvi il nuovo sito dell\u2019Ordine delle Ostetriche della Provincia di Terni.<br \/>Il sito conterr\u00e0 oltre alle informazioni specifiche per la Professione, anche le attivit\u00e0 del Consiglio, dei Gruppi di Lavoro e quanto potr\u00e0 essere utile alle ostetriche ma anche alle donne e alle famiglie, in ambito ostetrico, ginecologico e neonatologico.<br \/><br \/>Ci auguriamo di vero cuore, che con il vostro costruttivo contributo, il sito diventi il nostro punto di incontro.<\/p>\r\n<h4 class=\"\">La Presidente, il Consiglio Direttivo e il Collegio dei Revisori dei Conti.<\/h4>\r\n<\/div>\r\n<\/div>\r\n<\/div>\r\n<\/div>\r\n<!-- \/wp:extendstudio\/materialis--><!-- CloudPress Companion Preview Data START -->\r\n\r\n<!-- wp:extendstudio\/materialis-->\r\n<div id=\"cta-1\" style=\"background-color: #f5fafd; background-image: url('https:\/\/ordineostetricheterni.it\/wordpress\/wp-content\/uploads\/2021\/01\/happy-pregnant-women-listening-gesturing-doctor-antenatal-class.jpg'); background-size: cover; background-position: center top;\" data-label=\"Cta\" data-id=\"cta-1-materialis\" data-export-id=\"cta-1-materialis\" data-category=\"cta\" class=\"content-relative content-section content-section-spacing-large cta-1-materialis section-title-col-white-text\" data-section-ov=\"1\" data-parallax-depth=\"20\">\r\n<div class=\"gridContainer\">\r\n<div class=\"row text-center col-sm-padding-medium\">\r\n<div class=\"col-md-6 col-md-offset-3 col-xs-10 col-xs-offset-1 card mdc-elevation--z3 box-padding-lr-small\">\r\n<div data-type=\"column\" class=\"\">\r\n<h4 class=\"\">ORGANIGRAMMA<\/h4>\r\n<p class=\"lead\">Presidente:\u00a0Maria Antonietta Bianco<br \/>Vice presidente:\u00a0Alesia Longhi<br \/>Tesoriere:\u00a0Antonella Martoni<br \/>Segretaria:\u00a0Valentina Guerrini<br \/><br \/>Consiglieri:<br \/>Maria Maddalena Pensierini<br \/>Roberta Brozzi<br \/>Speranza Pelucchi\u00a0(RPCT)<br \/><br \/>Collegio Revisori dei Conti<br \/>Presidente: Goffredo Maria Copparoni<br \/><br \/>Revisori dei conti effettivi:<br \/>Paola Dicorato<br \/>Luigia Zambon<br \/><br \/>Supplente:<br \/>Francescangeli Maria<\/p>\r\n<\/div>\r\n<\/div>\r\n<\/div>\r\n<\/div>\r\n<\/div>\r\n<!-- \/wp:extendstudio\/materialis-->\r\n\r\n<!-- wp:extendstudio\/materialis-->\r\n<div id=\"latest-news-1\" style=\"background-color: #f5fafd;\" data-label=\"Latest-news\" data-id=\"latest-news-1-materialis\" data-export-id=\"latest-news-1-materialis\" data-category=\"latest_news\" class=\"latest-news-1-materialis content-section content-section-spacing-large\">\r\n<div class=\"gridContainer\">\r\n<div class=\"row\">\r\n<div data-type=\"column\" class=\"section-title-col\">\r\n<h2 class=\"\">NEWS<\/h2>\r\n<p class=\"lead\">Notizie ed Eventi in Primo Piano<\/p>\r\n<\/div>\r\n<\/div>\r\n<div class=\"row content-left-sm\">\r\n<div data-type=\"row\" data-dynamic-columns=\"handled\" data-content-shortcode=\"materialis_latest_news columns=&quot;4&quot; \" data-max-items=\"4\">\t\t<div class=\"row materialis-latest-news\">\n\t\t\t\t\t<div id=\"post-1379\" class=\"col-sm-6 col-md-4 space-bottom space-bottom-xs\">\n\t\t\t\t\t<div class=\"post-content no-padding  mdc-card overflow-hidden mdc-elevation--z2 latest-news-layout-cards\">\n\t\t\t\t\t<div class=\"\">\n\t\t\t\t\t\t\t<\/div>\n\t\t\n\t\t<div class=\"post-content-body col-padding  \">\n\t\t\t\t\t\t\t<div class=\"space-bottom-small\">\n\t\t\t\t\t<a href=\"https:\/\/ordineostetricheterni.it\/wordpress\/category\/news\/\"  class=\"button color5 link \">news<\/a>\t\t\t\t<\/div>\n\t\t\t\n\t\t\t<h4 class=\"latest-news-item-title\">\n\t\t\t\t<a href=\"https:\/\/ordineostetricheterni.it\/wordpress\/2026\/04\/21\/implementazione-del-fse-da-parte-dellesercente-la-professione-di-ostetrica-in-regime-di-lavoro-autonomo\/\" rel=\"bookmark\">\n\t\t\t\t\tImplementazione del FSE da parte dell&#8217;esercente la professione di ostetrica in regime di lavoro autonomo\t\t\t\t<\/a>\n\t\t\t<\/h4>\n\n\t\t\t\n\t\t\t<div class=\"latest-news-item-excerpt\">\n\t\t\t\t<p>RISCONTRO A QUESITO INERENTE ALL\u2019OBBLIGO DI IMPLEMENTAZIONE DEL FASCICOLO SANITARIO ELETTRONICO DA PARTE DELL\u2019ESERCENTE LA[&hellip;]<\/p>\n\t\t\t<\/div>\n\n\n\t\t<\/div>\n\t\t\t\t\t\t\t<div class=\"mdc-card__actions box-padding-lr-small text-dark\">\n\t\t\t\t<div class=\"mdc-card__action-icons col-xs-12 text-dark col-sm-fit no-padding-left\">\n\t\t\t\t\t\t<a class=\"post-footer-link\" href=\"https:\/\/ordineostetricheterni.it\/wordpress\/2026\/04\/21\/implementazione-del-fse-da-parte-dellesercente-la-professione-di-ostetrica-in-regime-di-lavoro-autonomo\/\">\n\t\t<i class=\"mdi small mdi-comment-outline mdc-card__action mdc-card__action--icon color-darkgray\" title=\"Comments\"><\/i>\n\t\t<span class=\"post-footer-value\">0<\/span>\n\t<\/a>\n\t<a class=\"post-footer-link\" href=\"https:\/\/ordineostetricheterni.it\/wordpress\/2026\/04\/21\/implementazione-del-fse-da-parte-dellesercente-la-professione-di-ostetrica-in-regime-di-lavoro-autonomo\/\">\n\t\t<i class=\"mdi small mdi-clock mdc-card__action mdc-card__action--icon color-darkgray\" title=\"Post Time\"><\/i>\n\t\t<span class=\"post-footer-value\">21 Aprile 2026<\/span>\n\t<\/a>\n\t\t\t\t\t<\/div>\n\t\t\t\t<div class=\"mdc-card__action-buttons col-xs-12 col-sm-fit no-padding\">\n\t\t\t\t\t<a href=\"https:\/\/ordineostetricheterni.it\/wordpress\/2026\/04\/21\/implementazione-del-fse-da-parte-dellesercente-la-professione-di-ostetrica-in-regime-di-lavoro-autonomo\/\" class=\"button color2 link\">Leggi tutto<\/a>\n\t\t\t\t<\/div>\n\t\t\t<\/div>\n\t\t\t<\/div>\n\t\t\t\t<\/div>\n\t\t\t\t\t\t<div id=\"post-1370\" class=\"col-sm-6 col-md-4 space-bottom space-bottom-xs\">\n\t\t\t\t\t<div class=\"post-content no-padding  mdc-card overflow-hidden mdc-elevation--z2 latest-news-layout-cards\">\n\t\t\t\t\t<div class=\"\">\n\t\t\t\t    <div class=\"post-thumbnail\">\n        <a href=\"https:\/\/ordineostetricheterni.it\/wordpress\/2026\/04\/20\/giornata-dellostetrica-2026\/\" class=\"post-list-item-thumb \">\n            <img loading=\"lazy\" decoding=\"async\" width=\"1128\" height=\"622\" src=\"https:\/\/ordineostetricheterni.it\/wordpress\/wp-content\/uploads\/2026\/04\/cop.jpg\" class=\"attachment-post-thumbnail size-post-thumbnail wp-post-image\" alt=\"\" srcset=\"https:\/\/ordineostetricheterni.it\/wordpress\/wp-content\/uploads\/2026\/04\/cop.jpg 1128w, https:\/\/ordineostetricheterni.it\/wordpress\/wp-content\/uploads\/2026\/04\/cop-300x165.jpg 300w, https:\/\/ordineostetricheterni.it\/wordpress\/wp-content\/uploads\/2026\/04\/cop-1024x565.jpg 1024w, https:\/\/ordineostetricheterni.it\/wordpress\/wp-content\/uploads\/2026\/04\/cop-768x423.jpg 768w\" sizes=\"auto, (max-width: 1128px) 100vw, 1128px\" \/>        <\/a>\n    <\/div>\n    \t\t\t<\/div>\n\t\t\n\t\t<div class=\"post-content-body col-padding  \">\n\t\t\t\t\t\t\t<div class=\"space-bottom-small\">\n\t\t\t\t\t<a href=\"https:\/\/ordineostetricheterni.it\/wordpress\/category\/news\/\"  class=\"button color5 link \">news<\/a>\t\t\t\t<\/div>\n\t\t\t\n\t\t\t<h4 class=\"latest-news-item-title\">\n\t\t\t\t<a href=\"https:\/\/ordineostetricheterni.it\/wordpress\/2026\/04\/20\/giornata-dellostetrica-2026\/\" rel=\"bookmark\">\n\t\t\t\t\tGiornata dell&#8217;Ostetrica 2026\t\t\t\t<\/a>\n\t\t\t<\/h4>\n\n\t\t\t\n\t\t\t<div class=\"latest-news-item-excerpt\">\n\t\t\t\t<p>One Million More Midwives Terni 5 Maggio 2026 Sede ordine: Viale Bramante 3D, TR ore[&hellip;]<\/p>\n\t\t\t<\/div>\n\n\n\t\t<\/div>\n\t\t\t\t\t\t\t<div class=\"mdc-card__actions box-padding-lr-small text-dark\">\n\t\t\t\t<div class=\"mdc-card__action-icons col-xs-12 text-dark col-sm-fit no-padding-left\">\n\t\t\t\t\t\t<a class=\"post-footer-link\" href=\"https:\/\/ordineostetricheterni.it\/wordpress\/2026\/04\/20\/giornata-dellostetrica-2026\/\">\n\t\t<i class=\"mdi small mdi-comment-outline mdc-card__action mdc-card__action--icon color-darkgray\" title=\"Comments\"><\/i>\n\t\t<span class=\"post-footer-value\">0<\/span>\n\t<\/a>\n\t<a class=\"post-footer-link\" href=\"https:\/\/ordineostetricheterni.it\/wordpress\/2026\/04\/20\/giornata-dellostetrica-2026\/\">\n\t\t<i class=\"mdi small mdi-clock mdc-card__action mdc-card__action--icon color-darkgray\" title=\"Post Time\"><\/i>\n\t\t<span class=\"post-footer-value\">20 Aprile 2026<\/span>\n\t<\/a>\n\t\t\t\t\t<\/div>\n\t\t\t\t<div class=\"mdc-card__action-buttons col-xs-12 col-sm-fit no-padding\">\n\t\t\t\t\t<a href=\"https:\/\/ordineostetricheterni.it\/wordpress\/2026\/04\/20\/giornata-dellostetrica-2026\/\" class=\"button color2 link\">Leggi tutto<\/a>\n\t\t\t\t<\/div>\n\t\t\t<\/div>\n\t\t\t<\/div>\n\t\t\t\t<\/div>\n\t\t\t\t\t\t<div id=\"post-1365\" class=\"col-sm-6 col-md-4 space-bottom space-bottom-xs\">\n\t\t\t\t\t<div class=\"post-content no-padding  mdc-card overflow-hidden mdc-elevation--z2 latest-news-layout-cards\">\n\t\t\t\t\t<div class=\"\">\n\t\t\t\t\t\t\t<\/div>\n\t\t\n\t\t<div class=\"post-content-body col-padding  \">\n\t\t\t\t\t\t\t<div class=\"space-bottom-small\">\n\t\t\t\t\t<a href=\"https:\/\/ordineostetricheterni.it\/wordpress\/category\/news\/\"  class=\"button color5 link \">news<\/a>\t\t\t\t<\/div>\n\t\t\t\n\t\t\t<h4 class=\"latest-news-item-title\">\n\t\t\t\t<a href=\"https:\/\/ordineostetricheterni.it\/wordpress\/2026\/04\/02\/circolare-15-2026-pubblicazione-on-line-della-rivista-di-categoria-lucina\/\" rel=\"bookmark\">\n\t\t\t\t\tCircolare 15.2026 \u2013 pubblicazione on line della rivista di categoria Lucina\t\t\t\t<\/a>\n\t\t\t<\/h4>\n\n\t\t\t\n\t\t\t<div class=\"latest-news-item-excerpt\">\n\t\t\t\t<p>La Federazione Nazionale degli Ordini della Professione di Ostetrica (FNOPO) \u00e8 lieta di comunicare che[&hellip;]<\/p>\n\t\t\t<\/div>\n\n\n\t\t<\/div>\n\t\t\t\t\t\t\t<div class=\"mdc-card__actions box-padding-lr-small text-dark\">\n\t\t\t\t<div class=\"mdc-card__action-icons col-xs-12 text-dark col-sm-fit no-padding-left\">\n\t\t\t\t\t\t<a class=\"post-footer-link\" href=\"https:\/\/ordineostetricheterni.it\/wordpress\/2026\/04\/02\/circolare-15-2026-pubblicazione-on-line-della-rivista-di-categoria-lucina\/\">\n\t\t<i class=\"mdi small mdi-comment-outline mdc-card__action mdc-card__action--icon color-darkgray\" title=\"Comments\"><\/i>\n\t\t<span class=\"post-footer-value\">0<\/span>\n\t<\/a>\n\t<a class=\"post-footer-link\" href=\"https:\/\/ordineostetricheterni.it\/wordpress\/2026\/04\/02\/circolare-15-2026-pubblicazione-on-line-della-rivista-di-categoria-lucina\/\">\n\t\t<i class=\"mdi small mdi-clock mdc-card__action mdc-card__action--icon color-darkgray\" title=\"Post Time\"><\/i>\n\t\t<span class=\"post-footer-value\">2 Aprile 2026<\/span>\n\t<\/a>\n\t\t\t\t\t<\/div>\n\t\t\t\t<div class=\"mdc-card__action-buttons col-xs-12 col-sm-fit no-padding\">\n\t\t\t\t\t<a href=\"https:\/\/ordineostetricheterni.it\/wordpress\/2026\/04\/02\/circolare-15-2026-pubblicazione-on-line-della-rivista-di-categoria-lucina\/\" class=\"button color2 link\">Leggi tutto<\/a>\n\t\t\t\t<\/div>\n\t\t\t<\/div>\n\t\t\t<\/div>\n\t\t\t\t<\/div>\n\t\t\t\t<\/div>\n\t<\/div>\r\n<\/div>\r\n<div class=\"row\">\r\n<div class=\"col-xs-12 text-center\"><a class=\"button big color1 mdc-elevation--z3 mdc-ripple-upgraded\" data-attr-shortcode=\"href:materialis_blog_link\" href=\"https:\/\/ordineostetricheterni.it\/wordpress\/news\/\">VEDI TUTTE LE NEWS<\/a><\/div>\r\n<\/div>\r\n<\/div>\r\n<\/div>\r\n<!-- \/wp:extendstudio\/materialis--><!--facebook like and share js -->\r\n\r\n<!-- wp:extendstudio\/materialis--><!-- \/wp:extendstudio\/materialis-->\r\n\r\n\r\n<div data-label=\"Features\" data-id=\"features--2\" data-export-id=\"features-1-materialis\" data-category=\"features\" class=\"features-1m content-section content-section-spacing-large\" id=\"features-2\" style=\"background-color: #ffffff; background-image: none;\">\r\n<div class=\"gridContainer\">\r\n<div class=\"row text-center\">\r\n<div class=\"section-title-col\" data-type=\"column\">\r\n<h2 class=\"\">Segnalazioni Whistleblowing<\/h2>\r\n<\/div>\r\n<\/div>\r\n<div class=\"row top-xs space-top-small content-center-sm\" data-type=\"row\">\r\n<div class=\"col-md-4 col-sm-4 col-xs-12 space-bottom\" data-type=\"column\"><i class=\"mdi icon color1 mdi-application reverse round big\"><\/i>\r\n<h4 class=\"\">Informativa whistleblower<\/h4>\r\n<a class=\"link\" href=\"https:\/\/ordineostetricheterni.it\/wordpress\/wp-content\/uploads\/2023\/07\/doc-1-Informativa-whistleblower.docx\" target=\"_blank\" data-cp-link=\"1\" rel=\"noopener\">Scarica file<\/a><\/div>\r\n<div class=\"col-md-4 col-sm-4 col-xs-12 space-bottom\" data-type=\"column\"><i class=\"mdi icon color1 mdi-alert-box reverse round big\"><\/i>\r\n<h4 class=\"\">Modulo segnalazione<\/h4>\r\n<a class=\"link\" href=\"https:\/\/ordineostetricheterni.it\/wordpress\/wp-content\/uploads\/2023\/07\/doc-3-Modulo-segnalazione.pdf\" target=\"_blank\" data-cp-link=\"1\" rel=\"noopener\">Scarica file<\/a><\/div>\r\n<div class=\"col-md-4 col-sm-4 col-xs-12 space-bottom\" data-type=\"column\"><i class=\"mdi icon color1 mdi-account-card-details reverse round big\"><\/i>\r\n<h4 class=\"\">Trattamento dei dati personali<\/h4>\r\n<a class=\"link\" href=\"https:\/\/ordineostetricheterni.it\/wordpress\/wp-content\/uploads\/2023\/07\/doc-6-Informativa-sul-trattamento-dei-dati-personali-whistleblower.docx\" target=\"_blank\" data-cp-link=\"1\" rel=\"noopener\">Scarica file<\/a><\/div>\r\n<\/div>\r\n<\/div>\r\n<\/div>\r\n<!-- \/wp:extendstudio\/materialis--><!-- CloudPress Companion Preview Data START -->\r\n\r\n\r\n<div id=\"content-25\" style=\"background-color: #f5fafd; background-image: none;\" data-label=\"Content\" data-id=\"content-8-materialis\" data-export-id=\"content-8-materialis\" data-category=\"content\" class=\"content-8m content-section-spacing-large content-section\">\r\n<div class=\"gridContainer\">\r\n<div class=\"row middle-sm\">\r\n<div class=\"col-md-5 col-xs-12 col-sm-6 space-bottom-xs\" data-type=\"column\">\r\n<h3 class=\"\">Quando la mamma vuole rimanere segreta\u2026.<\/h3>\r\n<p class=\"space-top\">La legge tutela la donna che vuole partorire in anonimato. <br \/>Cos\u00ec si salva la vita del bambino.<br \/><br \/>C\u2019\u00e8 sempre una alternativa!<br \/>Contatta una ostetrica che potr\u00e0 aiutarti!<\/p>\r\n<a class=\"button blue mdc-ripple-upgraded\" href=\"https:\/\/ordineostetricheterni.it\/wordpress\/parto-in-anonimato\" target=\"_self\" data-cp-link=\"1\" rel=\"noopener\">Leggi la normativa<\/a><\/div>\r\n<div class=\"col-md-6 col-md-offset-1 col-xs-12 col-sm-6\"><img decoding=\"async\" class=\"mdc-elevation--z9 rounded\" src=\"https:\/\/ordineostetricheterni.it\/wordpress\/wp-content\/uploads\/2021\/01\/PregnantWoman-1024x683-1.jpg\" \/><\/div>\r\n<\/div>\r\n<\/div>\r\n<\/div>\r\n\r\n\r\n<!-- wp:extendstudio\/materialis-->\r\n<div id=\"content-24\" style=\"background-color: #ffffff; background-image: none;\" data-label=\"Content\" data-id=\"content-7-materialis\" data-export-id=\"content-7-materialis\" data-category=\"content\" class=\"content-7m content-section-spacing-large content-section\">\r\n<div class=\"gridContainer\">\r\n<div class=\"row middle-sm\">\r\n<div class=\"col-md-6 col-xs-12 col-sm-6 col-padding-small-xs\"><img decoding=\"async\" class=\"mdc-elevation--z13 img-rounded\" src=\"https:\/\/ordineostetricheterni.it\/wordpress\/wp-content\/uploads\/2021\/01\/cropped-pregnant-couple.jpg\" \/><\/div>\r\n<div class=\"col-md-5 col-md-offset-1 col-xs-12 col-sm-6 content-left-sm col-padding-small-xs\" data-type=\"column\">\r\n<h3 class=\"space-bottom\">Covid in gravidanza<\/h3>\r\n<p class=\"space-top\">Indicazioni ad interim su \u201cVaccinazione contro il COVID-19 in gravidanza e allattamento\u201c \u2013 09.01.2021<\/p>\r\n<a class=\"button blue mdc-ripple-upgraded\" href=\"https:\/\/www.sigo.it\/wp-content\/uploads\/2021\/01\/Documento_ItOSS_vaccino_ANTI-_covid-19_gravidanza_allattamento_9-01-21.pdf\" target=\"_blank\" data-cp-link=\"1\" rel=\"noopener\">Leggi tutto<\/a>\r\n<p class=\"\">Position Paper ad interim \u2013 02.01.2021<br \/>VACCINAZIONE ANTI-COVID 19 e GRAVIDANZA<\/p>\r\n<a class=\"button blue mdc-ripple-upgraded\" href=\"https:\/\/www.sigo.it\/wp-content\/uploads\/2021\/01\/VaccinoCovid19eGravidanza-SIGO-AOGOI-AGUI-AGITE-SIN_02-01-2021.pdf\" target=\"_blank\" data-cp-link=\"1\" rel=\"noopener\">Leggi tutto<\/a><\/div>\r\n<\/div>\r\n<\/div>\r\n<\/div>\r\n<!-- \/wp:extendstudio\/materialis-->\r\n\r\n<!-- wp:extendstudio\/materialis-->\r\n<div data-label=\"Features\" data-id=\"features--1\" data-export-id=\"features-16\" data-category=\"features\" class=\"features-16 content-section content-section-spacing-large\" id=\"features-1\" style=\"background-color: #f5fafd; background-image: none;\">\r\n<div class=\"gridContainer\">\r\n<div class=\"row text-center\">\r\n<div class=\"section-title-col\" data-type=\"column\">\r\n<h1 class=\"\">Numeri Utili<\/h1>\r\n<\/div>\r\n<\/div>\r\n<div class=\"row spaced-cols center-sm content-center-sm\" data-type=\"row\">\r\n<div class=\"col-xs-12 col-sm-6 space-bottom col-md-3 \"><img decoding=\"async\" class=\"face mdc-elevation--z3\" src=\"https:\/\/ordineostetricheterni.it\/wordpress\/wp-content\/uploads\/2021\/01\/b_unar.jpg\" \/>\r\n<div data-type=\"column\" class=\"col-padding-small col-padding-small-xs description-container\"><a class=\"button blue mdc-ripple-upgraded\" href=\"http:\/\/www.unar.it\" target=\"_blank\" data-cp-link=\"1\" rel=\"noopener\">Leggi tutto<\/a><\/div>\r\n<\/div>\r\n<div class=\"col-xs-12 col-sm-6 space-bottom col-md-3 \"><img decoding=\"async\" class=\"face mdc-elevation--z3\" src=\"https:\/\/ordineostetricheterni.it\/wordpress\/wp-content\/uploads\/2021\/01\/b_antiviolenza.jpg\" \/>\r\n<div data-type=\"column\" class=\"col-padding-small col-padding-small-xs description-container\"><a class=\"button blue mdc-ripple-upgraded\" href=\"http:\/\/www.telefonorosa.it\/gestore-1522\" target=\"_blank\" data-cp-link=\"1\" rel=\"noopener\">Leggi tutto<\/a><\/div>\r\n<\/div>\r\n<div class=\"col-xs-12 col-sm-6 space-bottom col-md-3 \"><img decoding=\"async\" class=\"face mdc-elevation--z3\" src=\"https:\/\/ordineostetricheterni.it\/wordpress\/wp-content\/uploads\/2021\/01\/b_antitratta.jpg\" \/>\r\n<div data-type=\"column\" class=\"col-padding-small col-padding-small-xs description-container\"><a class=\"button blue mdc-ripple-upgraded\" href=\"http:\/\/www.osservatoriointerventitratta.it\" target=\"_blank\" data-cp-link=\"1\" rel=\"noopener\">Leggi tutto<\/a><\/div>\r\n<\/div>\r\n<div class=\"col-xs-12 col-sm-6 space-bottom col-md-3\"><img decoding=\"async\" class=\"face mdc-elevation--z3\" src=\"https:\/\/ordineostetricheterni.it\/wordpress\/wp-content\/uploads\/2021\/01\/b_infanzia.jpg\" \/>\r\n<div data-type=\"column\" class=\"col-padding-small col-padding-small-xs description-container\"><a class=\"button blue mdc-ripple-upgraded\" href=\"http:\/\/114.it\" target=\"_blank\" data-cp-link=\"1\" rel=\"noopener\">Leggi tutto<\/a><\/div>\r\n<\/div>\r\n<\/div>\r\n<\/div>\r\n<\/div>","protected":false},"excerpt":{"rendered":"<p>Benvenuta\/o nel nuovo sito del Ordine delle Ostetriche della Provincia di Terni Care\/i Colleghe\/i, siamo felici di presentarvi il nuovo sito dell\u2019Ordine delle Ostetriche della Provincia di Terni.Il sito conterr\u00e0 oltre alle informazioni specifiche per la Professione, anche le attivit\u00e0 del Consiglio, dei Gruppi di Lavoro e quanto potr\u00e0 essere utile alle ostetriche ma anche&nbsp;&hellip;<\/p>\n","protected":false},"author":1,"featured_media":0,"parent":0,"menu_order":0,"comment_status":"closed","ping_status":"closed","template":"page-templates\/homepage.php","meta":{"footnotes":""},"class_list":["post-6","page","type-page","status-publish","hentry"],"_links":{"self":[{"href":"https:\/\/ordineostetricheterni.it\/wordpress\/wp-json\/wp\/v2\/pages\/6","targetHints":{"allow":["GET"]}}],"collection":[{"href":"https:\/\/ordineostetricheterni.it\/wordpress\/wp-json\/wp\/v2\/pages"}],"about":[{"href":"https:\/\/ordineostetricheterni.it\/wordpress\/wp-json\/wp\/v2\/types\/page"}],"author":[{"embeddable":true,"href":"https:\/\/ordineostetricheterni.it\/wordpress\/wp-json\/wp\/v2\/users\/1"}],"replies":[{"embeddable":true,"href":"https:\/\/ordineostetricheterni.it\/wordpress\/wp-json\/wp\/v2\/comments?post=6"}],"version-history":[{"count":37,"href":"https:\/\/ordineostetricheterni.it\/wordpress\/wp-json\/wp\/v2\/pages\/6\/revisions"}],"predecessor-version":[{"id":1166,"href":"https:\/\/ordineostetricheterni.it\/wordpress\/wp-json\/wp\/v2\/pages\/6\/revisions\/1166"}],"wp:attachment":[{"href":"https:\/\/ordineostetricheterni.it\/wordpress\/wp-json\/wp\/v2\/media?parent=6"}],"curies":[{"name":"wp","href":"https:\/\/api.w.org\/{rel}","templated":true}]}}